{"id":1834,"date":"2020-01-06T12:15:21","date_gmt":"2020-01-06T12:15:21","guid":{"rendered":"http:\/\/demo.lisanijenes.nl\/?page_id=1834"},"modified":"2021-02-19T22:29:37","modified_gmt":"2021-02-19T22:29:37","slug":"paardentoerisme","status":"publish","type":"page","link":"https:\/\/www.roekevisch.nl\/index.php\/paardentoerisme\/","title":{"rendered":"Paardentoerisme"},"content":{"rendered":"<section class=\"wpb-content-wrapper\"><p>[vc_row full_width=&#8221;stretch_row_content_no_spaces&#8221; css=&#8221;.vc_custom_1613767065519{background-image: url(http:\/\/demo.lisanijenes.nl\/wp-content\/uploads\/2021\/02\/horse-P3B3DCU-scaled.jpg?id=2108) !important;background-position: center !important;background-repeat: no-repeat !important;background-size: cover !important;}&#8221; el_class=&#8221;nd_options_overflow_visible_important&#8221;][vc_column][vc_row_inner css=&#8221;.vc_custom_1486118361106{padding-top: 100px !important;padding-bottom: 100px !important;}&#8221; el_class=&#8221;nd_options_bg_greydark_alpha_gradient_3&#8243;][vc_column_inner width=&#8221;1\/3&#8243;][\/vc_column_inner][vc_column_inner width=&#8221;1\/3&#8243; css=&#8221;.vc_custom_1486118458781{padding: 20px !important;}&#8221;] <h1 style=\"color:#ffffff;padding:px;text-align:center;font-size:55px;line-height:55px;letter-spacing: px;font-weight:normal\" class=\"  nd_options_font_size_40_important_all_iphone nd_options_line_height_40_important_all_iphone nd_options_first_font \">PAARDENTOERISME<\/h1> <div style=\"background-color:;height: 20px\" class=\"nicdark_section  \"><\/div> <p style=\"color:#ffffff;padding:px;text-align:center;font-size:px;line-height:px;letter-spacing: 2px;font-weight:lighter\" class=\"   nd_options_second_font \">De achterhoek bied uitstekende mogelijkheden om met uw eigen paard en wagen of koets rond te trekken.<\/p> <div style=\"background-color:;height: 40px\" class=\"nicdark_section  \"><\/div>[\/vc_column_inner][vc_column_inner width=&#8221;1\/3&#8243;][\/vc_column_inner][\/vc_row_inner][\/vc_column][\/vc_row][vc_row css=&#8221;.vc_custom_1503500566808{margin-top: 50px !important;margin-bottom: 50px !important;}&#8221;][vc_column css=&#8221;.vc_custom_1486118015473{padding-right: 0px !important;padding-left: 0px !important;}&#8221;] <p style=\"color:#666666;padding:px;text-align:center;font-size:px;line-height:px;letter-spacing: 2px;font-weight:normal\" class=\"   nd_options_second_font \">Vanaf onze camping kunt u direct de hele omgeving verkennen over vele onverharde wegen. Of u nu op doorreis bent of vanaf \u00e9\u00e9n locatie diverse tochten wilt maken, u bent bij ons aan het goede adres. Uw paard kan bij ons op stal in \u00e9\u00e9n van onze ruime paardenboxen of desgewenst kan het paard in de wei. Wij helpen u graag om uw verblijf aan uw wensen te laten voldoen, informeer daarom wat er bij ons mogelijk is.<\/p> <!--START MASONRY--><div class=\"nd_options_section nd_options_masonry_content  \"><\/div><!--CLOSE MASONRY-->[\/vc_column][\/vc_row]<\/p>\n<\/section>","protected":false},"excerpt":{"rendered":"<p>[vc_row full_width=&#8221;stretch_row_content_no_spaces&#8221; css=&#8221;.vc_custom_1613767065519{background-image: url(http:\/\/demo.lisanijenes.nl\/wp-content\/uploads\/2021\/02\/horse-P3B3DCU-scaled.jpg?id=2108) !important;background-position: center !important;background-repeat: no-repeat !important;background-size: cover !important;}&#8221; el_class=&#8221;nd_options_overflow_visible_important&#8221;][vc_column][vc_row_inner css=&#8221;.vc_custom_1486118361106{padding-top: 100px !important;padding-bottom: 100px !important;}&#8221; el_class=&#8221;nd_options_bg_greydark_alpha_gradient_3&#8243;][vc_column_inner width=&#8221;1\/3&#8243;][\/vc_column_inner][vc_column_inner width=&#8221;1\/3&#8243; css=&#8221;.vc_custom_1486118458781{padding: 20px !important;}&#8221;][\/vc_column_inner][vc_column_inner width=&#8221;1\/3&#8243;][\/vc_column_inner][\/vc_row_inner][\/vc_column][\/vc_row][vc_row css=&#8221;.vc_custom_1503500566808{margin-top: 50px !important;margin-bottom: 50px !important;}&#8221;][vc_column css=&#8221;.vc_custom_1486118015473{padding-right: 0px !important;padding-left: 0px !important;}&#8221;][\/vc_column][\/vc_row]<\/p>\n","protected":false},"author":1,"featured_media":0,"parent":0,"menu_order":0,"comment_status":"closed","ping_status":"closed","template":"","meta":[],"_links":{"self":[{"href":"https:\/\/www.roekevisch.nl\/index.php\/wp-json\/wp\/v2\/pages\/1834"}],"collection":[{"href":"https:\/\/www.roekevisch.nl\/index.php\/wp-json\/wp\/v2\/pages"}],"about":[{"href":"https:\/\/www.roekevisch.nl\/index.php\/wp-json\/wp\/v2\/types\/page"}],"author":[{"embeddable":true,"href":"https:\/\/www.roekevisch.nl\/index.php\/wp-json\/wp\/v2\/users\/1"}],"replies":[{"embeddable":true,"href":"https:\/\/www.roekevisch.nl\/index.php\/wp-json\/wp\/v2\/comments?post=1834"}],"version-history":[{"count":15,"href":"https:\/\/www.roekevisch.nl\/index.php\/wp-json\/wp\/v2\/pages\/1834\/revisions"}],"predecessor-version":[{"id":2251,"href":"https:\/\/www.roekevisch.nl\/index.php\/wp-json\/wp\/v2\/pages\/1834\/revisions\/2251"}],"wp:attachment":[{"href":"https:\/\/www.roekevisch.nl\/index.php\/wp-json\/wp\/v2\/media?parent=1834"}],"curies":[{"name":"wp","href":"https:\/\/api.w.org\/{rel}","templated":true}]}}